7, 54881
List the prime factors of 2231069139.
3, 13, 71, 491, 547
What are the prime factors of 652706154?
2, 3, 12087151
What are the prime factors of 394994940?
2, 3, 5, 6583249
List the prime factors of 1006505608.
2, 125813201
List the prime factors of 461381589.
3, 53, 107473
List the prime factors of 150944972.
2, 17, 179, 12401
What are the prime factors of 415939495?
5, 53, 107, 14669
List the prime factors of 3503584932.
2, 3, 9011, 32401
List the prime factors of 64778410.
2, 5, 19, 340939
List the prime factors of 731626.
2, 7, 52259
List the prime factors of 1986747025.
5, 1433, 55457
List the prime factors of 270930535.
5, 54186107
What are the prime factors of 369117289?
43, 103, 83341
List the prime factors of 52790535.
3, 5, 7, 2069
What are the prime factors of 2115725251?
193, 10962307
What are the prime factors of 3177646024?
2, 7, 56743679
What are the prime factors of 317100208?
2, 661, 29983
What are the prime factors of 34833888?
2, 3, 89, 151
List the prime factors of 24873132.
2, 3, 373, 5557
List the prime factors of 15135475.
5, 53, 11423
What are the prime factors of 150783332?
2, 7, 47, 114577
What are the prime factors of 88738784?
2, 23, 120569
What are the prime factors of 59548360?
2, 5, 151, 9859
What are the prime factors of 186179860?
2, 5, 19, 97, 5051
What are the prime factors of 780611912?
2, 97576489
What are the prime factors of 731008683?
3, 313, 259499
What are the prime factors of 4773470804?
2, 283, 4216847
What are the prime factors of 1952977323?
3, 11, 17, 47, 4357
What are the prime factors of 6299322094?
2, 13, 242281619
List the prime factors of 1485885319.
647, 2296577
List the prime factors of 398824469.
47, 79, 233, 461
List the prime factors of 975867684.
2, 3, 11, 7392937
List the prime factors of 41070333.
3, 37, 370003
List the prime factors of 906745145.
5, 571, 317599
List the prime factors of 189989892.
2, 3, 17, 19, 16339
What are the prime factors of 19120037?
19120037
What are the prime factors of 3719713788?
2, 3, 7, 14760769
List the prime factors of 3689614.
2, 23, 80209
What are the prime factors of 77158508?
2, 7, 2755661
List the prime factors of 27462167.
1109, 24763
What are the prime factors of 125904044?
2, 7, 37, 53, 2293
What are the prime factors of 6917165326?
2, 17, 203446039
What are the prime factors of 536484?
2, 3, 13, 19, 181
List the prime factors of 3352420970.
2, 5, 631, 531287
List the prime factors of 1857217773.
3, 43, 61, 236017
What are the prime factors of 421935167?
421935167
What are the prime factors of 1139552738?
2, 17, 29, 1155733
What are the prime factors of 698104713?
3, 163, 1427617
List the prime factors of 412743902.
2, 2467, 83653
List the prime factors of 3568346.
2, 1784173
List the prime factors of 923147642.
2, 19, 23, 97, 10889
List the prime factors of 894164580.
2, 3, 5, 67, 74143
List the prime factors of 331624493.
331624493
List the prime factors of 4426830244.
2, 1106707561
List the prime factors of 110311585.
5, 47, 469411
List the prime factors of 793114784.
2, 7, 11, 6569
List the prime factors of 1842542242.
2, 727, 1267223
What are the prime factors of 972845174?
2, 7, 69488941
List the prime factors of 68940431.
7, 61, 161453
List the prime factors of 476741414.
2, 238370707
List the prime factors of 904230835.
5, 180846167
List the prime factors of 1524907478.
2, 11393, 66923
What are the prime factors of 60762279?
3, 29, 698417
What are the prime factors of 493025523?
3, 4751, 34591
List the prime factors of 74597995.
5, 211, 70709
What are the prime factors of 611565059?
7, 87366437
List the prime factors of 67711675.
5, 2708467
List the prime factors of 3320934773.
13, 255456521
What are the prime factors of 10214137?
139, 73483
List the prime factors of 2511773189.
3011, 834199
List the prime factors of 337577131.
337577131
List the prime factors of 196050503.
11, 983, 18131
List the prime factors of 24537123.
3, 13, 209719
What are the prime factors of 59510687?
59510687
What are the prime factors of 85734393?
3, 28578131
What are the prime factors of 639786942?
2, 3, 17, 2090807
What are the prime factors of 1253679109?
19, 3967, 16633
What are the prime factors of 1392337487?
1392337487
What are the prime factors of 61082891?
19, 157, 20477
What are the prime factors of 3949414628?
2, 137, 7206961
List the prime factors of 208440071.
7, 607697
What are the prime factors of 98685349?
7, 14097907
List the prime factors of 335035359.
3, 4136239
What are the prime factors of 24605351?
31, 793721
List the prime factors of 562604415.
3, 5, 37506961
List the prime factors of 150715879.
2591, 58169
What are the prime factors of 66923349?
3, 79, 282377
List the prime factors of 42706236.
2, 3, 3558853
List the prime factors of 3094409857.
7, 11, 23, 233, 7499
List the prime factors of 105762789.
3, 11, 1068311
List the prime factors of 108406516.
2, 61, 444289
List the prime factors of 409018822.
2, 569, 359419
What are the prime factors of 4297256?
2, 537157
What are the prime factors of 148277280?
2, 3, 5, 541, 571
What are the prime factors of 1035596360?
2, 5, 25889909
What are the prime factors of 36105213?
3, 877, 13723
What are the prime factors of 996509158?
2, 3821, 130399
List the prime factors of 7473804.
2, 3, 13, 23, 2083
What are the prime factors of 635905901?
5981, 106321
List the prime factors of 146816727.
3, 48938909
List the prime factors of 663433083.
3, 2539, 29033
List the prime factors of 75876745.
5, 7, 151, 293
What are the prime factors of 38908065?
3, 5, 7, 23, 16111
What are the prime factors of 3754001671?
7, 61, 1255939
List the prime factors of 490878514.
2, 7, 541, 64811
List the prime factors of 87540038.
2, 17, 29, 47, 1889
What are the prime factors of 165491984?
2, 7, 1477607
What are the prime factors of 160258042?
2, 7, 59, 194017
List the prime factors of 166725762.
2, 3, 7, 41, 96821
What are the prime factors of 5077263274?
2, 2538631637
What are the prime factors of 648845127?
3, 7, 3433043
List the prime factors of 4858510405.
5, 7, 138814583
What are the prime factors of 4500044459?
617, 839, 8693
What are the prime factors of 864395105?
5, 7, 24697003
What are the prime factors of 1308667185?
3, 5, 7, 463, 997
List the prime factors of 790693008.
2, 3, 7, 53, 6343
List the prime factors of 57543540.
2, 3, 5, 29, 33071
What are the prime factors of 61719536?
2, 907, 4253
List the prime factors of 2961262414.
2, 11, 31, 877, 4951
What are the prime factors of 902103836?
2, 887, 254257
List the prime factors of 573632196.
2, 3, 211, 226553
List the prime factors of 92712768.
2, 3, 29, 16651
List the prime factors of 408210051.
3, 43, 3164419
What are the prime factors of 208547956?
2, 109, 478321
What are the prime factors of 309100266?
2, 3, 23, 191, 1303
What are the prime factors of 72467376?
2, 3, 1509737
List the prime factors of 2943740259.
3, 109027417
What are the prime factors of 1546100844?
2, 3, 67, 521, 3691
List the prime factors of 6444009164.
2, 1611002291
List the prime factors of 183379934.
2, 29, 727, 4349
What are the prime factors of 18252319?
2741, 6659
What are the prime factors of 64263432?
2, 3, 2677643
What are the prime factors of 58483675?
5, 349, 6703
What are the prime factors of 65961103?
13, 19, 267049
List the prime factors of 344007881.
7, 97, 157, 461
What are the prime factors of 205508175?
3, 5, 37, 103, 719
What are the prime factors of 2576477754?
2, 3, 1277, 37363
What are the prime factors of 239614750?
2, 5, 958459
What are the prime factors of 33349652?
2, 7, 29, 67, 613
List the prime factors of 725141372.
2, 181285343
What are the prime factors of 153685379?
23, 2297, 2909
What are the prime factors of 1573268444?
2, 11, 29, 463, 2663
What are the prime factors of 1025430294?
2, 3, 7, 24415007
What are the prime factors of 1133469139?
11, 103042649
List the prime factors of 51382691.
5431, 9461
List the prime factors of 464100581.
7, 149, 444967
List the prime factors of 3851401421.
7, 78600029
List the prime factors of 160452134.
2, 80226067
List the prime factors of 1668574863.
3, 61799069
What are the prime factors of 3814163415?
3, 5, 349, 242863
List the prime factors of 112333537.
197, 570221
What are the prime factors of 166